{"id":49576,"date":"2022-09-27T11:14:38","date_gmt":"2022-09-27T11:14:38","guid":{"rendered":"https:\/\/doctorboffa.com\/?page_id=49576"},"modified":"2024-12-23T15:04:57","modified_gmt":"2024-12-23T15:04:57","slug":"politica-de-privacidad","status":"publish","type":"page","link":"https:\/\/doctorboffa.com\/index.php\/politica-de-privacidad\/","title":{"rendered":"Pol\u00edtica de privacidad"},"content":{"rendered":"[et_pb_section fb_built=\u00bb1&#8243; admin_label=\u00bbsection\u00bb _builder_version=\u00bb4.16&#8243; global_colors_info=\u00bb{}\u00bb][et_pb_row admin_label=\u00bbrow\u00bb _builder_version=\u00bb4.16&#8243; background_size=\u00bbinitial\u00bb background_position=\u00bbtop_left\u00bb background_repeat=\u00bbrepeat\u00bb global_colors_info=\u00bb{}\u00bb][et_pb_column type=\u00bb4_4&#8243; _builder_version=\u00bb4.16&#8243; custom_padding=\u00bb|||\u00bb global_colors_info=\u00bb{}\u00bb custom_padding__hover=\u00bb|||\u00bb][et_pb_text admin_label=\u00bbText\u00bb _builder_version=\u00bb4.16&#8243; background_size=\u00bbinitial\u00bb background_position=\u00bbtop_left\u00bb background_repeat=\u00bbrepeat\u00bb global_colors_info=\u00bb{}\u00bb]<p><!-- \/wp:heading --><!-- wp:paragraph --><\/p>\n<h2>Pol\u00edtica de privacidad<\/h2>\n<h4><\/h4>\n<h4>\u00bfQui\u00e9n es el responsable del tratamiento de tus datos?<\/h4>\n<p>Entidad: Centro M\u00e9dico DR. Boffa SLP. \u2013 CIF: B10653038<br \/>Direcci\u00f3n postal: Dr.Roux, 8-10 bajos, (08017), Barcelona, Espa\u00f1a.<br \/>Correo electr\u00f3nico: <a href=\"mailto:info@doctorboffa.com\">info@doctorboffa.com<\/a><\/p>\n<p>&nbsp;<\/p>\n<h4>\u00bfCu\u00e1les son tus derechos cuando nos facilitas tus datos?<\/h4>\n<p>\u00a0Cualquier persona tiene derecho a obtener confirmaci\u00f3n sobre si en Centro M\u00e9dico DR. Boffa SLP estamos tratando, o no, datos personales que les conciernan.<br \/>Las personas interesadas tienen derecho a acceder a sus datos personales, as\u00ed como a solicitar la rectificaci\u00f3n de los datos inexactos o, en su caso, solicitar su supresi\u00f3n cuando, entre otros motivos, los datos ya no sean necesarios para las finalidades para que fueron recogidos. Igualmente tiene derecho a la portabilidad de sus datos.<\/p>\n<p>En determinadas circunstancias, los interesados podr\u00e1n solicitar la limitaci\u00f3n del tratamiento de sus datos, en cuyo caso \u00fanicamente los conservaremos para el ejercicio o la defensa de reclamaciones. Asimismo, en los supuestos legalmente establecidos, tendr\u00e1 derecho a la portabilidad de sus datos personales.<br \/>En determinadas circunstancias y por motivos relacionados con su situaci\u00f3n particular, los interesados podr\u00e1n oponerse al tratamiento de sus datos. En este caso, Centro M\u00e9dico DR. Boffa SLP dejar\u00e1 de tratar los datos, salvo por motivos leg\u00edtimos imperiosos, o el ejercicio o la defensa de posibles reclamaciones.<\/p>\n<p>Podr\u00e1s ejercitar materialmente tus derechos de la siguiente forma: enviando un correo electr\u00f3nico a info@doctorboffa.com o una carta a Dr.Roux, 8-10 bajos, (08017), Barcelona, Espa\u00f1a, mediante solicitud escrita y firmada, acompa\u00f1ada de copia de tu DNI o documento equivalente que acredite tu identidad. En caso de ejercitar los derechos mediante un representante, ser\u00e1 necesario aportar tambi\u00e9n un escrito de autorizaci\u00f3n al representante, y copia de su DNI o documento equivalente que acredite su identidad.<\/p>\n<p>Si has dado tu consentimiento para alguna finalidad concreta, tienes derecho a retirar el consentimiento dado en cualquier momento, sin que ello afecte a la licitud del tratamiento basado en el consentimiento previo a su retirada.<\/p>\n<p>Cuando se realice el env\u00edo de comunicaciones comerciales utilizando como base jur\u00eddica el inter\u00e9s leg\u00edtimo del responsable, el interesado podr\u00e1 oponerse al tratamiento de sus datos con este fin.<\/p>\n<p>En caso de que sientas vulnerados tus derechos en cuanto a la protecci\u00f3n de sus datos personales, especialmente cuando no hayas obtenido satisfacci\u00f3n en el ejercicio de tus derechos, puedes presentar una reclamaci\u00f3n ante la Autoridad de Control en materia de Protecci\u00f3n de Datos competente a trav\u00e9s de su sitio web: <a href=\"http:\/\/www.agpd.es\">www.agpd.es<\/a>.<\/p>\n<p>A continuaci\u00f3n le indicamos los detalles referidos a los diferentes tratamientos de datos personales que realizamos en CENTRO M\u00c9DICO DR. BOFFA SLP.<\/p>\n<p>Tratamiento de los datos personales de potenciales cientes y contactos v\u00eda web<\/p>\n<h4>\u00bfCon qu\u00e9 finalidad tratamos sus datos personales?<\/h4>\n<p>En Centro M\u00e9dico DR. Boffa SLP tratamos la informaci\u00f3n que nos facilitan las personas interesadas con la finalidad de atender sus solicitudes de servicios, responder sus demandas de informaci\u00f3n, as\u00ed como para enviar comunicaciones comerciales y nuestros boletines.<\/p>\n<h4>\u00bfDurante cu\u00e1nto tiempo conservaremos sus datos?<\/h4>\n<p>Los datos se conservar\u00e1n mientras el interesado no solicite su supresi\u00f3n.<\/p>\n<h4>\u00bfCu\u00e1l es la legitimaci\u00f3n para el tratamiento de sus datos?<\/h4>\n<p>Te indicamos la base legal para el tratamiento de tus datos:<br \/>Ejecuci\u00f3n de un contrato: Prestaci\u00f3n de los servicios solicitados.<br \/>Consentimiento del interesado: Atender tu solicitud, responder tus demandas de informaci\u00f3n, y enviarte comunicaciones comerciales, as\u00ed como nuestros boletines.<\/p>\n<h4>\u00bfA qu\u00e9 destinatarios se comunicar\u00e1n sus datos?<\/h4>\n<p>No se ceder\u00e1n datos a terceros, salvo obligaci\u00f3n legal.\u00a0<br \/>Transferencias de datos a terceros pa\u00edses.<br \/>Est\u00e1n previstas las siguientes transferencias de datos a terceros pa\u00edses:<br \/>Google, con la finalidad de gestionar eventos, formularios, y bases de datos. La garant\u00eda para esta transferencia se ha establecido a trav\u00e9s de la pol\u00edtica de privacidad de Google, que puedes consultar en: https:\/\/policies.google.com\/privacy?hl=es.<br \/>Correo electr\u00f3nico.<br \/>Nuestra pol\u00edtica respecto al correo electr\u00f3nico se centra en remitir \u00fanicamente comunicaciones que t\u00fa hayas solicitado recibir.<br \/>Si prefieres no recibir mensajes por correo electr\u00f3nico te ofreceremos a trav\u00e9s de los mismos la posibilidad de ejercer tu derecho de cancelaci\u00f3n y renuncia a la recepci\u00f3n de estos mensajes, de conformidad con lo dispuesto en el t\u00edtulo III, art\u00edculo 22 de la Ley 34 \/ 2002, de Servicios para la Sociedad de la Informaci\u00f3n y de Comercio Electr\u00f3nico.<\/p>\n<p>&nbsp;<\/p>\n<h4>CURRICULUM VITAE<\/h4>\n<p><span>BIONER, S.A. tratar\u00e1 la informaci\u00f3n que nos facilita con el fin de mantenerle informado de las posibles vacantes a un puesto de trabajo que se produzcan en nuestra organizaci\u00f3n. Los datos proporcionados se conservar\u00edan hasta la adjudicaci\u00f3n del puesto de trabajo, como m\u00e1ximo durante un (1) a\u00f1o, o hasta que usted ejerza su derecho de cancelaci\u00f3n. Por tanto, usted tiene derecho a acceder a sus datos personales, rectificar los datos inexactos o solicitar su supresi\u00f3n cuando los datos ya no sean necesarios. Los datos no se ceder\u00e1n a terceros.<\/span><\/p>\n<p><span>BIONER, S.A. ha adoptado todas las medidas de seguridad establecidas en la legislaci\u00f3n actual sobre protecci\u00f3n de datos. Puede ejercer en todo momento sus derechos de acceso, rectificaci\u00f3n, supresi\u00f3n y portabilidad de sus datos, y la limitaci\u00f3n u oposici\u00f3n a su tratamiento, mediante escrito dirigido a bioner@bioner.es. Tambi\u00e9n tiene derecho a presentar una reclamaci\u00f3n ante la autoridad de control competente ( www.aepd.es) si considera que el tratamiento no se ajusta a la normativa vigente.<\/span><\/p>\n<p>&nbsp;<\/p>\n<p>&nbsp;<\/p>\n<p><!-- \/wp:paragraph --><!-- wp:heading --><\/p>\n<h2><\/h2>\n<p><!-- \/wp:heading --><!-- wp:paragraph --><\/p>\n<p><!-- \/wp:paragraph --><\/p>[\/et_pb_text][\/et_pb_column][\/et_pb_row][\/et_pb_section]","protected":false},"excerpt":{"rendered":"<p>Pol\u00edtica de privacidad \u00bfQui\u00e9n es el responsable del tratamiento de tus datos? Entidad: Centro M\u00e9dico DR. Boffa SLP. \u2013 CIF: B10653038Direcci\u00f3n postal: Dr.Roux, 8-10 bajos, (08017), Barcelona, Espa\u00f1a.Correo electr\u00f3nico: info@doctorboffa.com &nbsp; \u00bfCu\u00e1les son tus derechos cuando nos facilitas tus datos? \u00a0Cualquier persona tiene derecho a obtener confirmaci\u00f3n sobre si en Centro M\u00e9dico DR. Boffa SLP [&hellip;]<\/p>\n","protected":false},"author":6,"featured_media":0,"parent":0,"menu_order":0,"comment_status":"closed","ping_status":"open","template":"","meta":{"_et_pb_use_builder":"on","_et_pb_old_content":"","_et_gb_content_width":"","footnotes":""},"class_list":["post-49576","page","type-page","status-publish","hentry"],"_links":{"self":[{"href":"https:\/\/doctorboffa.com\/index.php\/wp-json\/wp\/v2\/pages\/49576"}],"collection":[{"href":"https:\/\/doctorboffa.com\/index.php\/wp-json\/wp\/v2\/pages"}],"about":[{"href":"https:\/\/doctorboffa.com\/index.php\/wp-json\/wp\/v2\/types\/page"}],"author":[{"embeddable":true,"href":"https:\/\/doctorboffa.com\/index.php\/wp-json\/wp\/v2\/users\/6"}],"replies":[{"embeddable":true,"href":"https:\/\/doctorboffa.com\/index.php\/wp-json\/wp\/v2\/comments?post=49576"}],"version-history":[{"count":0,"href":"https:\/\/doctorboffa.com\/index.php\/wp-json\/wp\/v2\/pages\/49576\/revisions"}],"wp:attachment":[{"href":"https:\/\/doctorboffa.com\/index.php\/wp-json\/wp\/v2\/media?parent=49576"}],"curies":[{"name":"wp","href":"https:\/\/api.w.org\/{rel}","templated":true}]}}